hat is -2968925c + -5?
-29689263
In base 5, what is 12341024 - 104121?
12231403
In base 13, what is -3 + -56b85ca?
-56b8600
In base 14, what is -d69 + 3bc0?
2c55
In base 2, what is -1011001101010001101 - 1010000?
-1011001101011011101
In base 10, what is -37 + -6939?
-6976
In base 8, what is -26 + 272704?
272656
In base 6, what is -135 - 312450115?
-312450254
In base 14, what is 3 - 63cd52b?
-63cd528
In base 7, what is -11362 - 5105?
-16500
In base 16, what is df + -4fef9?
-4fe1a
In base 16, what is -bcd55 - 164?
-bceb9
In base 7, what is 51116 - -64056?
145205
In base 6, what is -434 - -5040535?
5040101
In base 6, what is 433 - 10441404?
-10440531
In base 15, what is 5 + 1e3ba5?
1e3baa
In base 8, what is -1472 + -1062241?
-1063733
In base 5, what is 4004 - -130322101?
130331110
In base 12, what is -62a70 - 216?
-63086
In base 8, what is -31602 + 226?
-31354
In base 2, what is 1101000001000 + 1110111011?
1110111000011
In base 13, what is 11c071 - 84?
11bcba
In base 12, what is -48 - 61383?
-6140b
In base 6, what is -1300452 - 213?
-1301105
In base 5, what is -141 - -11042321?
11042130
In base 13, what is -7a1a + -17a4?
-94c1
In base 14, what is 91b + 26825?
27342
In base 3, what is -11102200 + 110012021?
21202121
In base 6, what is -1 + 201300431?
201300430
In base 5, what is -42230 + 103144?
10414
In base 2, what is 11101101100010011111000100011 + -10?
11101101100010011111000100001
In base 14, what is -87400 + -5d?
-8745d
In base 8, what is -122775135 - -14?
-122775121
In base 5, what is -2401101 + 41104?
-2304442
In base 6, what is -230415 + -1241342?
-1512201
In base 7, what is -5654540 + 314?
-5654223
In base 15, what is 337ca23 + -4?
337ca1e
In base 3, what is -122200022121210 - 1?
-122200022121211
In base 11, what is 3 + 235a179a?
235a17a2
In base 11, what is 723375 - 7?
723369
In base 5, what is 21201143 - 134?
21201004
In base 15, what is -2 + -1a46121?
-1a46123
In base 13, what is 192753 - -14?
192767
In base 3, what is -10 - -120010202211011?
120010202211001
In base 10, what is -24876446 + 2?
-24876444
In base 6, what is 1 + 3304403452?
3304403453
In base 15, what is 30c8d + -c2?
30bbb
In base 10, what is 35865 + 756?
36621
In base 16, what is -6b - eafd?
-eb68
In base 8, what is -16065322 - -1?
-16065321
In base 7, what is 2034242 + -13?
2034226
In base 13, what is -b + 267303?
2672c5
In base 10, what is 8055 - -2363?
10418
In base 8, what is -12625205 - -53?
-12625132
In base 9, what is -47686 + 1513?
-46173
In base 12, what is 11995a00 + 2?
11995a02
In base 14, what is -1b9a + -629?
-23c5
In base 3, what is -12 - -102212010200?
102212010111
In base 6, what is 12151315 + 121?
12151440
In base 6, what is 1025325451 - 5?
1025325442
In base 9, what is -33200 + 60?
-33130
In base 3, what is -1001210101 - -2?
-1001210022
In base 10, what is -1060355 - 3?
-1060358
In base 16, what is -a5b56b8 - -5?
-a5b56b3
In base 7, what is -650302 + -161?
-650463
In base 7, what is 215414 - -6406?
225123
In base 6, what is -20330 - 41515?
-102245
In base 8, what is -62440236 - -4?
-62440232
In base 9, what is -7871515 + 0?
-7871515
In base 12, what is 31b4b24 - 2?
31b4b22
In base 14, what is 68aa + d3?
699d
In base 7, what is -451 + 1112206?
1111425
In base 11, what is 8 - 1a0a136?
-1a0a129
In base 11, what is 18815 - 332?
18493
In base 8, what is 12 - -302060555?
302060567
In base 16, what is -71 - -35e599?
35e528
In base 9, what is -1 - -161212?
161211
In base 8, what is 1336 - -16215?
17553
In base 10, what is 60860 + -912?
59948
In base 10, what is -25 + -1063047?
-1063072
In base 11, what is 10788 + 765?
11442
In base 2, what is -110001010001 + 100011100111000?
11101011100111
In base 15, what is -54b50 + -178?
-54cc8
In base 11, what is 466175 - -16?
466190
In base 5, what is 14340111 - 24?
14340032
In base 8, what is -74 - -7656275?
7656201
In base 8, what is -1567222 - -223?
-1566777
In base 15, what is 6 - -10464c?
104653
In base 16, what is -405e - 10c36?
-14c94
In base 14, what is -50 - 1014b?
-1019b
In base 7, what is 1346 + 32255?
33634
In base 9, what is 11 - -25001716?
25001727
In base 6, what is 50530054503 - 2?
50530054501
In base 3, what is 20 - -10000212220212200?
10000212220212220
In base 3, what is -11022110221000 - -122011?
-11022110021212
In base 6, what is -25041311 + -4145?
-25045500
In base 11, what is 17 - 864248?
-864231
In base 16, what is -5 - -2f17d25?
2f17d20
In base 3, what is 2112 - 100002012021?
-100002002202
In base 16, what is 277 + -9b95?
-991e
In base 5, what is 102114113422 - 3?
102114113414
In base 10, what is 16 - 160324?
-160308
In base 9, what is -1635775 + -16?
-1635802
In base 15, what is 1 - -2bd7ca?
2bd7cb
In base 2, what is 11101001100011011 - -1101?
11101001100101000
In base 10, what is 125419 - -4691?
130110
In base 7, what is 1 - -11352155?
11352156
In base 8, what is 145632573 + 14?
145632607
In base 7, what is 343204552 - -1?
343204553
In base 6, what is 2113244 - 42?
2113202
In base 11, what is 0 + 59a29537?
59a29537
In base 6, what is -13 + 20354250445?
20354250432
In base 8, what is -42 - -42045137?
42045075
In base 8, what is -3 + -5575046?
-5575051
In base 4, what is 13032 - 32022?
-12330
In base 16, what is a5e - 25d9?
-1b7b
In base 8, what is -4 + 7101300?
7101274
In base 5, what is 422332441 - -213?
422333204
In base 15, what is -8db03 + bd?
-8da35
In base 10, what is -11176982 + 3?
-11176979
In base 7, what is -456554124 - 3?
-456554130
In base 6, what is -312 + 403245?
402533
In base 5, what is 143140420 - -100?
143141020
In base 4, what is 212 - -11300233113?
11300233331
In base 3, what is 100001211012 - 110201?
100001100111
In base 15, what is -62 + 142ca?
14268
In base 2, what is 1101 + -1011010010000010101100?
-1011010010000010011111
In base 12, what is 37870a29 - -5?
37870a32
In base 12, what is -158447 + 37?
-158410
In base 14, what is 170 - -1695b3?
169743
In base 13, what is 216 + 89?
2a2
In base 3, what is 1002001002222 - -1110?
1002001011102
In base 9, what is -5457770 + -6?
-5457776
In base 2, what is 10 + -1111000000110011111111000?
-1111000000110011111110110
In base 11, what is 31 + -5602489?
-5602458
In base 5, what is -10 - 2131223411?
-2131223421
In base 14, what is -c5bb1 - 15?
-c5bc6
In base 14, what is -5 + -9204dc2?
-9204dc7
In base 11, what is 174a44 + -149?
1748a6
In base 9, what is -814 + 1235045?
1234131
In base 12, what is -7 - 871929?
-871934
In base 16, what is -14265 - b22?
-14d87
In base 4, what is -22 + -2033321221?
-2033321303
In base 7, what is 23312 - -34446?
61061
In base 15, what is 14 + -35b744?
-35b730
In base 15, what is 7 + 17390c1?
17390c8
In base 3, what is 100111111 + 20220200?
121102011
In base 4, what is 101321313 - 201123?
101120130
In base 2, what is 0 - -10111101001011100111111?
10111101001011100111111
In base 16, what is 115209 + 27?
115230
In base 6, what is -2233301043 + 11?
-2233301032
In base 16, what is -7f - 455e5?
-45664
In base 12, what is -482385 + 5?
-482380
In base 4, what is -220011231201 + -3?
-220011231210
In base 3, what is -110112202200122 - -22?
-110112202200100
In base 3, what is 1022201121220 - 112?
1022201121101
In base 15, what is 40 - 136b16?
-136ac6
In base 4, what is 1322010 + 100002?
2022012
In base 14, what is -b8732c - -ba?
-b87252
In base 4, what is -3301131323 - -20?
-3301131303
In base 9, what is -71535056 - 0?
-71535056
In base 15, what is a + -e73c7?
-e73bc
In base 3, what is 10110 + -11220012111?
-11220002001
In base 13, what is 4 + 1056777?
105677b
In base 2, what is 10110000111001000111 + 100011111?
10110000111101100110
In base 16, what is -6586 - -20a4?
-44e2
In base 5, what is -20131342430 - -24?
-20131342401
In base 13, what is -1b9 - 3cb27?
-40013
In base 14, what is -21146 - 11c0?
-22326
In base 6, what is -325003 - 40023?
-405030
In base 15, what is -19e2aae + -3?
-19e2ab2
In base 2, what is 10 - 100011101000101111101?
-100011101000101111011
In base 2, what is -100100000001011101 + -1001000000?
-100100001010011101
In base 7, what is 4104336 + -215?
4104121
In base 3, what is -2100112 - 10022111222?
-10101212111
In base 16, what is -3596e24a + 5?
-3596e245
In base 7, what is 13 + 20031362?
20031405
In base 16, what is 131cf + 3ef?
135be
In base 13, what is -1a87 + c46?
-b41
In base 5, what is -10 + 